rime factors of 16428?
2, 3, 37
List the prime factors of 562.
2, 281
What are the prime factors of 755?
5, 151
What are the prime factors of 313?
313
What are the prime factors of 2588?
2, 647
List the prime factors of 4580.
2, 5, 229
What are the prime factors of 2259?
3, 251
What are the prime factors of 63127?
63127
What are the prime factors of 55529?
55529
What are the prime factors of 44342?
2, 22171
List the prime factors of 1455.
3, 5, 97
List the prime factors of 31114.
2, 47, 331
What are the prime factors of 47675?
5, 1907
What are the prime factors of 47960?
2, 5, 11, 109
List the prime factors of 452.
2, 113
What are the prime factors of 8490?
2, 3, 5, 283
List the prime factors of 619.
619
What are the prime factors of 1147?
31, 37
List the prime factors of 4952.
2, 619
List the prime factors of 10303.
10303
List the prime factors of 524.
2, 131
List the prime factors of 89748.
2, 3, 277
What are the prime factors of 1872?
2, 3, 13
What are the prime factors of 1105?
5, 13, 17
List the prime factors of 63893.
181, 353
List the prime factors of 2247.
3, 7, 107
List the prime factors of 833.
7, 17
What are the prime factors of 26029?
26029
List the prime factors of 6627.
3, 47
List the prime factors of 7401.
3, 2467
List the prime factors of 5036.
2, 1259
What are the prime factors of 23586?
2, 3, 3931
List the prime factors of 155711.
47, 3313
List the prime factors of 32931.
3, 3659
What are the prime factors of 21410?
2, 5, 2141
List the prime factors of 46000.
2, 5, 23
What are the prime factors of 26117?
7, 13, 41
What are the prime factors of 3150?
2, 3, 5, 7
List the prime factors of 162845.
5, 32569
What are the prime factors of 71668?
2, 19, 23, 41
List the prime factors of 86676.
2, 3, 31, 233
What are the prime factors of 1281?
3, 7, 61
List the prime factors of 681.
3, 227
List the prime factors of 2105.
5, 421
List the prime factors of 11022.
2, 3, 11, 167
What are the prime factors of 3863?
3863
List the prime factors of 1445.
5, 17
List the prime factors of 1757.
7, 251
List the prime factors of 16585.
5, 31, 107
List the prime factors of 49412.
2, 11, 1123
List the prime factors of 174.
2, 3, 29
What are the prime factors of 17201?
103, 167
What are the prime factors of 9402?
2, 3, 1567
What are the prime factors of 102905?
5, 11, 1871
List the prime factors of 1135.
5, 227
What are the prime factors of 114631?
11, 17, 613
List the prime factors of 1644.
2, 3, 137
List the prime factors of 2816.
2, 11
What are the prime factors of 298?
2, 149
List the prime factors of 8579.
23, 373
List the prime factors of 56.
2, 7
What are the prime factors of 4236?
2, 3, 353
List the prime factors of 1246.
2, 7, 89
List the prime factors of 4395.
3, 5, 293
What are the prime factors of 15179?
43, 353
What are the prime factors of 1277?
1277
List the prime factors of 490.
2, 5, 7
What are the prime factors of 2279?
43, 53
What are the prime factors of 16806?
2, 3, 2801
What are the prime factors of 2083?
2083
List the prime factors of 449.
449
List the prime factors of 30080.
2, 5, 47
What are the prime factors of 882?
2, 3, 7
What are the prime factors of 41408?
2, 647
What are the prime factors of 6225?
3, 5, 83
What are the prime factors of 109827?
3, 12203
List the prime factors of 60856.
2, 7607
List the prime factors of 1249.
1249
What are the prime factors of 20973?
3, 6991
What are the prime factors of 1611?
3, 179
What are the prime factors of 119?
7, 17
What are the prime factors of 998?
2, 499
List the prime factors of 1722.
2, 3, 7, 41
List the prime factors of 1876.
2, 7, 67
What are the prime factors of 374?
2, 11, 17
List the prime factors of 7345.
5, 13, 113
What are the prime factors of 2230?
2, 5, 223
What are the prime factors of 78483?
3, 26161
List the prime factors of 51575.
5, 2063
List the prime factors of 47878.
2, 37, 647
What are the prime factors of 2000?
2, 5
List the prime factors of 904.
2, 113
What are the prime factors of 16951?
11, 23, 67
What are the prime factors of 2917?
2917
What are the prime factors of 35?
5, 7
List the prime factors of 989.
23, 43
What are the prime factors of 1240?
2, 5, 31
List the prime factors of 261.
3, 29
List the prime factors of 1016.
2, 127
List the prime factors of 1927.
41, 47
What are the prime factors of 442?
2, 13, 17
List the prime factors of 6620.
2, 5, 331
What are the prime factors of 6507?
3, 241
List the prime factors of 1419.
3, 11, 43
List the prime factors of 417.
3, 139
List the prime factors of 17613.
3, 19, 103
List the prime factors of 5865.
3, 5, 17, 23
List the prime factors of 5164.
2, 1291
List the prime factors of 1133.
11, 103
List the prime factors of 4108.
2, 13, 79
What are the prime factors of 58065?
3, 5, 7, 79
List the prime factors of 14170.
2, 5, 13, 109
What are the prime factors of 1492?
2, 373
List the prime factors of 3247.
17, 191
What are the prime factors of 10997?
7, 1571
What are the prime factors of 1340?
2, 5, 67
List the prime factors of 58702.
2, 7, 599
List the prime factors of 74165.
5, 7, 13, 163
List the prime factors of 15554.
2, 7, 11, 101
What are the prime factors of 1480?
2, 5, 37
What are the prime factors of 2312?
2, 17
What are the prime factors of 59931?
3, 6659
List the prime factors of 255.
3, 5, 17
List the prime factors of 1877.
1877
List the prime factors of 8880.
2, 3, 5, 37
What are the prime factors of 3861?
3, 11, 13
List the prime factors of 9929.
9929
List the prime factors of 12492.
2, 3, 347
What are the prime factors of 45064?
2, 43, 131
What are the prime factors of 3123?
3, 347
List the prime factors of 9597.
3, 7, 457
What are the prime factors of 1969?
11, 179
What are the prime factors of 35160?
2, 3, 5, 293
What are the prime factors of 119589?
3, 39863
What are the prime factors of 1270?
2, 5, 127
What are the prime factors of 5141?
53, 97
What are the prime factors of 21610?
2, 5, 2161
What are the prime factors of 785?
5, 157
List the prime factors of 918.
2, 3, 17
What are the prime factors of 15181?
17, 19, 47
List the prime factors of 18838.
2, 9419
What are the prime factors of 1075?
5, 43
What are the prime factors of 13648?
2, 853
What are the prime factors of 19477?
19477
List the prime factors of 269.
269
What are the prime factors of 10967?
11, 997
List the prime factors of 3049.
3049
What are the prime factors of 341?
11, 31
List the prime factors of 1582.
2, 7, 113
What are the prime factors of 160?
2, 5
List the prime factors of 2712.
2, 3, 113
What are the prime factors of 2518?
2, 1259
What are the prime factors of 9754?
2, 4877
What are the prime factors of 3486?
2, 3, 7, 83
What are the prime factors of 1694?
2, 7, 11
List the prime factors of 13194.
2, 3, 733
List the prime factors of 76154.
2, 13, 29, 101
What are the prime factors of 3449?
3449
What are the prime factors of 185?
5, 37
List the prime factors of 21307.
11, 13, 149
List the prime factors of 73.
73
What are the prime factors of 53?
53
List the prime factors of 4017.
3, 13, 103
What are the prime factors of 1282?
2, 641
What are the prime factors of 281?
281
List the prime factors of 1194.
2, 3, 199
List the prime factors of 17678.
2, 8839
List the prime factors of 28294.
2, 7, 43, 47
List the prime factors of 2152.
2, 269
What are the prime factors of 55010?
2, 5, 5501
List the prime factors of 494.
2, 13, 19
What are the prime factors of 3290?
2, 5, 7, 47
List the prime factors of 57379.
7, 1171
What are the prime factors of 173625?
3, 5, 463
List the prime factors of 1324.
2, 331
List the prime factors of 24899.
7, 3557
List the prime factors of 267.
3, 89
What are the prime factors of 1123?
1123
What are the prime factors of 31744?
2, 31
List the prime factors of 1328.
2, 83
List the prime factors of 22425.
3, 5, 13, 23
What are the prime factors of 2206?
2, 1103
What are the prime factors of 86015?
5, 17203
List the prime factors of 2863.
7, 409
List the prime factors of 26354.
2, 13177
What are the prime factors of 151?
151
What are the prime factors of 2195?
5, 439
What are the prime factors of 6346?
2, 19, 167
What are the prime factors of 1773?
3, 197
What are the prime factors of 457?
457
List the prime factors of 9062.
2, 23, 197
List the prime factors of 1368.
2, 3, 19
What are the prime